g?
2, 3, 11, 17
Let b = -3 - -21. Let n be (-634)/18 + 4/b. Let o = n + 62. What are the prime factors of o?
3
Let k be 3/(-1)*(-2 + 1). Suppose -s - 88 + 251 = 0. Suppose k*n = 8*n - f - s, -4*n + 138 = 3*f. What are the prime factors of n?
3, 11
Let q(o) = -45*o - 133. What are the prime factors of q(-31)?
2, 631
Let y = 37 + -24. Let f(a) = 0*a**2 + 2*a**2 - a**2 + 9*a - y. What are the prime factors of f(-12)?
23
Let h(g) be the second derivative of -g**5/20 + 2*g**4/3 - g**3/3 - 3*g**2 + g. Suppose -w + 19 = 12. What are the prime factors of h(w)?
29
Let u = -1490 + 2486. What are the prime factors of u?
2, 3, 83
Suppose z + 3 = 0, -5*b + 0*b + 4*z + 27 = 0. Suppose -56 = -f - 3*r, -197 = -2*f - 2*f - b*r. List the prime factors of f.
47
Let p(k) = 7*k + 7. Let o = 24 + -19. What are the prime factors of p(o)?
2, 3, 7
Let l(c) = c**3 + 21*c**2 + 19*c - 72. List the prime factors of l(-16).
2, 113
Let l(h) = -h**3 - 8*h**2 + h + 5. Let i be l(-8). What are the prime factors of 28 + (0/2)/(1 + i)?
2, 7
Let r(h) = 5*h**2 - 3*h + 2. Let p(y) = y**2 + 3*y - 2. Let g be p(-4). Let k(z) = z - 1. Let t(l) = g*r(l) + 6*k(l). What are the prime factors of t(2)?
2, 19
Let f(s) = -15 + 111*s**2 - 223*s**2 + 22*s + 111*s**2. List the prime factors of f(12).
3, 5, 7
Let b(x) = -x**2 + 5*x + 7. Let i be b(6). Let h(r) = 53*r**3. List the prime factors of h(i).
53
Let a(h) = -h**3 + 3*h - 2. Let p be a(-2). Suppose p = -b - 10 + 23. List the prime factors of b.
13
Let c = -345 + 485. List the prime factors of c.
2, 5, 7
List the prime factors of (-54 - -57)/(933/(-942) + 1).
2, 157
Suppose 0 = -4*z + d + 430, 2*z - 5*d - 206 = -0*z. Let x = -76 + z. What are the prime factors of x?
2
What are the prime factors of 3 - 10/6 - (-30688)/42?
2, 3, 61
Let a(d) = 4*d**2 - 14*d - 6. What are the prime factors of a(-4)?
2, 3, 19
Suppose 0 = -h + 2 - 3. Let f(w) = -103*w**3 + 2*w**2 - 1. List the prime factors of f(h).
2, 13
Let m be (-7 - (-2910)/18) + (-2)/(-6). Suppose -5 - m = -8*h. What are the prime factors of h?
2, 5
Let v(z) = 27*z**2 + 10*z + 17. Let w be v(-5). Let c = w - 372. List the prime factors of c.
2, 3, 5
Suppose 2*h = 5*d - h - 10579, -4*d + 8474 = 3*h. List the prime factors of d.
29, 73
Let v = 4 + -130. Let w = 244 + v. List the prime factors of w.
2, 59
Let g(a) = 218*a - 4. Let j be g(2). Suppose 0 = -2*u - 5*i + j, -4*u + 1113 = u - 4*i. What are the prime factors of u?
13, 17
Let b(s) = 6*s + 28. Let c be b(-4). Suppose 5*j - 1176 - 10 = 4*a, 2*j = c*a + 472. What are the prime factors of j?
2, 7, 17
Let b(d) = -d**2 - 2*d - 1. Let r be b(-7). Let z = -18 - r. List the prime factors of 4/(-18) - (-184)/z.
2, 5
Let z(t) = 144*t - 120. Let h(c) = 13*c - 11. Let i(a) = 68*h(a) - 6*z(a). List the prime factors of i(8).
2, 3, 11
Suppose -8*z - 1818 = -9538. What are the prime factors of z?
5, 193
Let g(v) = 28*v**3. Let b be g(-1). Let i = b + 65. What are the prime factors of i?
37
Let b be 5/(45/6) + 176/6. Suppose 0 = -w + b + 21. List the prime factors of w.
3, 17
List the prime factors of 1428 + ((-1)/1 - 2).
3, 5, 19
Let x be (-3)/6 - (-3)/6. Suppose 0 = -x*d + d - 3*z - 112, -2*d + 196 = z. Let q = d - 69. What are the prime factors of q?
31
What are the prime factors of (-864)/(-6)*15/10?
2, 3
Let b be ((-4)/16 - 43/4)/1. What are the prime factors of (-2)/b + ((-3028)/(-44) - -5)?
2, 37
Let j = -735 - -1052. List the prime factors of j.
317
Let d(s) be the third derivative of 5*s**4/8 + s**3/6 - 21*s**2. List the prime factors of d(7).
2, 53
Suppose -4 = -2*j - 7*u + 2*u, 8 = j + u. Suppose 14*d - 10*d - j = 0. Let v(b) = b**3 - 2*b**2 - 3*b + 3. List the prime factors of v(d).
3
Suppose 0*z = 22*z - 5302. What are the prime factors of z?
241
Let v(n) = -n**3 + 3*n**2 + 8*n - 14. Let l be v(4). Suppose -g + 2*g = -5*k + 267, 0 = l*k + 2*g - 110. What are the prime factors of k?
53
Let z(p) = 6*p**2 + 3*p + 11. Suppose 3*q = 11*q + 16. What are the prime factors of z(q)?
29
Let z = 1047 + -381. What are the prime factors of z?
2, 3, 37
Let f(u) = 12*u + 89. List the prime factors of f(10).
11, 19
Suppose -x - 8 = p, x + 4*p + 13 + 4 = 0. Let j = -3 - x. Suppose 0 = -f - 4*i + 3, j*f - i = -f + 74. List the prime factors of f.
23
Suppose 3*y - 12 = 5*x, 2*x + 0*x + 4*y = 16. Suppose x = f - 5*m + 19 - 240, -3*f + 3*m = -723. What are the prime factors of f?
2, 3, 41
Let r(k) = 8*k + 9. Let j(x) = 9*x + 8. Let l(y) = -4*j(y) + 5*r(y). Let n be l(-6). Let z = 15 + n. List the prime factors of z.
2
Let o = -63 + 251. Suppose 2*l + o = 3*g - 201, -l + 2 = 0. What are the prime factors of g?
131
Let g(p) = -34*p - 658. What are the prime factors of g(-67)?
2, 3, 5
Let b = 6080 + -3712. What are the prime factors of b?
2, 37
Suppose b + 6*c - c = 1751, 3*c - 3481 = -2*b. What are the prime factors of b?
2, 7, 31
What are the prime factors of (-9126)/45*6/(48/(-20))?
3, 13
Let q be 1*-3 + (-72)/(-12). Suppose -6 = -2*g, 4*j + 15 = 2*g + q*g. Suppose j = -d + 3*d - 44. What are the prime factors of d?
2, 11
Let c(s) = 2*s**3 - 19*s**2 - 29*s - 4. What are the prime factors of c(15)?
2, 509
Suppose -6*l + 4*l + 4 = 0. Suppose 2*d + 42 = t + l*t, 3*d = -9. Suppose 90 - t = 2*h. List the prime factors of h.
3, 13
Let b(t) = 6*t**2 + 2*t. Let g be b(4). Let k = g - 36. What are the prime factors of k?
2, 17
List the prime factors of 2649 - ((-33)/(-22))/(3/10).
2, 661
Let v be -26*3/(-9)*3. Suppose -10*q + 9*q = -v. What are the prime factors of q?
2, 13
Suppose 3*u = 12*u - 4950. Suppose -4*y = 7*y - u. What are the prime factors of y?
2, 5
Let y(a) = 4*a**2 + 2*a - 69. What are the prime factors of y(-9)?
3, 79
Let a(u) = -20*u + 3. Let l be a(-2). Suppose -46*z = -l*z - 723. List the prime factors of z.
241
Let h(z) = 38*z - 154. What are the prime factors of h(13)?
2, 5, 17
List the prime factors of (1 - 6) + (206 - -37).
2, 7, 17
Let g(y) = -165*y + 72. List the prime factors of g(-4).
2, 3, 61
What are the prime factors of (-903)/(-2) - 13/26?
11, 41
Suppose -16*i - 1749 = -31253. What are the prime factors of i?
2, 461
Suppose -4*l = -f - 12215, -11012 = -3*l - 3*f - 1832. What are the prime factors of l?
5, 13, 47
Let f = -5 - -7. Suppose f*y + y = 0. Suppose 5*o + 0*o - 125 = y. List the prime factors of o.
5
Let r(l) = 55*l**2 - 11*l - 13. List the prime factors of r(4).
823
Suppose -h + 34 = 10. Suppose -3*b = -4*b - h. Let w = b - -51. List the prime factors of w.
3
Suppose 0*m = 4*m - 4, -8 = -4*v + 4*m. Suppose -5*a + v*p = -76 - 31, 3*a - 3*p = 63. What are the prime factors of a?
2, 11
Let s = 604 - 1197. Let x = -374 - s. List the prime factors of x.
3, 73
Suppose -3*k = 5*l - 12323, 6*k = l + k - 2459. What are the prime factors of l?
2, 7, 11
Let p = 10694 - 6512. What are the prime factors of p?
2, 3, 17, 41
Suppose 6*w + 72 = 6606. What are the prime factors of w?
3, 11
Let b = -217 - -771. List the prime factors of b.
2, 277
Let c(f) = 3 - 7*f - 4 + 8*f**2 + 6*f**2. What are the prime factors of c(3)?
2, 13
Let h(g) = 8*g - 4*g**2 + 8 - g**3 + 9*g**2 - 8*g**2. List the prime factors of h(-6).
2, 17
Let r(w) = -w**2 + 65*w + 135. List the prime factors of r(63).
3, 29
Let t(l) = l + 4. Let j be t(-3). Let s(h) = 4*h**2 + h - 1. Let p be s(j). Suppose 3*f = -3*k + 78, p*f + 40 - 139 = -3*k. What are the prime factors of f?
3, 7
Let p(k) = 3*k + 15. Let n be p(11). Suppose n = 5*q - 522. Suppose 0 = 4*d - 86 - q. What are the prime factors of d?
2, 5
Let u(d) = d**3 - 8*d**2 - 3*d + 11. Let p be u(9). Suppose -3*j + 0 = -3, -p = -3*v + 4*j. List the prime factors of v.
23
Let d(h) = -2*h**3 - 4*h**2 + 32. What are the prime factors of d(-8)?
2, 5
Let n = 5665 + -3675. What are the prime factors of n?
2, 5, 199
Suppose 4*c = 13 - 37. Let q(g) = -g**2 - 15*g - 1. What are the prime factors of q(c)?
53
Let t = 44 - 10. Suppose 0 = -5*b + 36 - 11, -m + t = -2*b. What are the prime factors of m - (2 + 7)/3?
41
Suppose -2*q - 19 = 5*f, 3*f + 42 - 15 = 4*q. Suppose -t = -l + 28, t + q*t + 137 = 5*l. What are the prime factors of l?
5
Let d(h) = h**3 + 4*h**2 - h - 4. Let z be d(-4). Suppose l - 4*y - 57 = 0, 2*l + 7*y - 4*y - 92 = z. What are the prime factors of l?
7
Suppose -3*g - 6*g + 13761 = 0. List the prime factors of g.
11